{"id":97,"date":"2018-10-07T17:40:26","date_gmt":"2018-10-07T15:40:26","guid":{"rendered":"http:\/\/aiclb.xyz\/?page_id=97"},"modified":"2018-10-07T18:13:57","modified_gmt":"2018-10-07T16:13:57","slug":"retrouver-ses-courriers-electroniques-sur-internet","status":"publish","type":"page","link":"https:\/\/aiclb.xyz\/index.php\/liens\/retrouver-ses-courriers-electroniques-sur-internet\/","title":{"rendered":"Retrouver ses courriers \u00e9lectroniques sur internet !"},"content":{"rendered":"\n<p style=\"text-align:left\">Il existe plusieurs\u00a0 Fournisseurs d&rsquo;Acc\u00e8s \u00e0 Internet (F.A.I.) qui permettent d&rsquo;avoir une adresse \u00e9lectronique gratuite. Pour en obtenir une, il faut l\u2019initialiser ou la cr\u00e9er sur une page d\u00e9dier du F.A.I. :<\/p>\n\n\n\n<p>&#8211; <a href=\"https:\/\/login.orange.fr\/?return_url=https:\/\/rms.orange.fr\/mail\" target=\"_blank\">Orange<\/a>,<\/p>\n\n\n\n<p>Free (<a href=\"https:\/\/webmail.free.fr\/\" target=\"_blank\" rel=\"noopener\">Webmail<\/a> ou\u00a0<a href=\"https:\/\/zimbra.free.fr\/\" target=\"_blank\" rel=\"noopener\">Zimbra<\/a>), . . .\u00a0<\/p>\n\n\n\n<p> mais on peut \u00e9galement en cr\u00e9\u00e9r\u00a0 chez : <a href=\"https:\/\/www.google.com\/gmail\/\" target=\"_blank\" rel=\"noopener\">Google<\/a>, <a href=\"https:\/\/overview.mail.yahoo.com\/?lang=fr-FR\" target=\"_blank\" rel=\"noopener\">Yahoo<\/a>, <a href=\"https:\/\/outlook.live.com\" target=\"_blank\" rel=\"noopener\">Microsoft<\/a>, &#8230;..<\/p>\n\n\n\n<p>Pour aider au choix, il faut lire les informations disponibles sur le site\u00a0<a href=\"https:\/\/www.arobase.org\/\" target=\"_blank\" rel=\"noopener\">https:\/\/www.arobase.org<\/a>\u00a0et consulter le comparatif des messagerie gratuites <a href=\"https:\/\/www.arobase.org\/gratuit\/comparatif-messageries.htm\" target=\"_blank\">ici<\/a>.<\/p>\n\n\n\n<p><\/p>\n","protected":false},"excerpt":{"rendered":"<p>Il existe plusieurs\u00a0 Fournisseurs d&rsquo;Acc\u00e8s \u00e0 Internet (F.A.I.) qui permettent d&rsquo;avoir une adresse \u00e9lectronique gratuite. Pour en obtenir une, il faut l\u2019initialiser ou la cr\u00e9er sur une page d\u00e9dier du F.A.I. : &#8211; Orange, Free (Webmail ou\u00a0Zimbra), . . .\u00a0 mais on peut \u00e9galement en cr\u00e9\u00e9r\u00a0 chez : Google, Yahoo, Microsoft, &#8230;.. Pour aider au &hellip; <\/p>\n<p class=\"link-more\"><a href=\"https:\/\/aiclb.xyz\/index.php\/liens\/retrouver-ses-courriers-electroniques-sur-internet\/\" class=\"more-link\">Continuer la lecture<span class=\"screen-reader-text\"> de &laquo;&nbsp;Retrouver ses courriers \u00e9lectroniques sur internet !&nbsp;&raquo;<\/span><\/a><\/p>\n","protected":false},"author":1,"featured_media":0,"parent":79,"menu_order":0,"comment_status":"closed","ping_status":"closed","template":"","meta":{"jetpack_post_was_ever_published":false,"footnotes":""},"class_list":["post-97","page","type-page","status-publish","hentry"],"jetpack_sharing_enabled":true,"jetpack_shortlink":"https:\/\/wp.me\/PakV0s-1z","jetpack-related-posts":[],"_links":{"self":[{"href":"https:\/\/aiclb.xyz\/index.php\/wp-json\/wp\/v2\/pages\/97","targetHints":{"allow":["GET"]}}],"collection":[{"href":"https:\/\/aiclb.xyz\/index.php\/wp-json\/wp\/v2\/pages"}],"about":[{"href":"https:\/\/aiclb.xyz\/index.php\/wp-json\/wp\/v2\/types\/page"}],"author":[{"embeddable":true,"href":"https:\/\/aiclb.xyz\/index.php\/wp-json\/wp\/v2\/users\/1"}],"replies":[{"embeddable":true,"href":"https:\/\/aiclb.xyz\/index.php\/wp-json\/wp\/v2\/comments?post=97"}],"version-history":[{"count":7,"href":"https:\/\/aiclb.xyz\/index.php\/wp-json\/wp\/v2\/pages\/97\/revisions"}],"predecessor-version":[{"id":110,"href":"https:\/\/aiclb.xyz\/index.php\/wp-json\/wp\/v2\/pages\/97\/revisions\/110"}],"up":[{"embeddable":true,"href":"https:\/\/aiclb.xyz\/index.php\/wp-json\/wp\/v2\/pages\/79"}],"wp:attachment":[{"href":"https:\/\/aiclb.xyz\/index.php\/wp-json\/wp\/v2\/media?parent=97"}],"curies":[{"name":"wp","href":"https:\/\/api.w.org\/{rel}","templated":true}]}}